= -3*x + 27. Let w(k) = 3*k + 3 - 8 - x*k + 3*k. What is w(-6)?
1
Let x(k) be the first derivative of k**4/4 + 4*k**3/3 - k**2/2 + 2*k + 18. Determine x(-4).
6
Let z(l) = -l - 8. Let d be (-2)/10 - 162/(-10). Let g = d - 20. What is z(g)?
-4
Let a = -1 + 2. Suppose n + a = 3. Let j(k) = -4*k**3 - 8*k**2 + k + 7. Let i(c) = c**3 + c**2 - 1. Let q(h) = 5*i(h) + j(h). What is q(n)?
0
Let q(m) = 97 - m**3 - 2*m + 0*m**3 - 88 - 7*m**2. Give q(-7).
23
Let k(d) = -27*d - 20. Let l(q) = 9*q + 7. Let y(z) = 4*k(z) + 11*l(z). What is y(-2)?
15
Suppose 5*c + 2 = 3*c. Let z be ((-6)/(-3) - -1) + c. Let x(o) be the first derivative of -o**4/4 + o**3 - o**2/2 - o - 1. Give x(z).
1
Let h(d) = d**3 + 4*d**2 + 4*d. Let q(b) = -3*b + 3. Let z be q(-4). Suppose -3*r = 3*j + 42, 5*j - 20 = -2*r + 3*r. Let g be ((-9)/r)/((-3)/z). Calculate h(g).
-3
Let l(t) = 13*t - 6. Let r(m) = m - 1. Let h(i) = l(i) - 5*r(i). Let g(x) = 7*x - 1. Let k(s) = -3*g(s) + 2*h(s). Suppose 0 = -0*o - 2*o - 2. Give k(o).
6
Let v(o) = -6*o**2 - 2*o**3 - 20 + 25 + o**3. Let j be (-4 + 11)*(-18)/21. What is v(j)?
5
Let q(p) = p**3 - 17*p**2 - 18*p + 2. Let k be q(18). Let c(z) = -z**2 + 3*z - 2. Determine c(k).
0
Let i(k) be the third derivative of -k**5/60 - k**4/6 - k**3 - 15*k**2. What is i(-4)?
-6
Suppose 0*x - 2*x = 0. Suppose x = a + 3*a. Let h(j) = -j**3 - j**2 - 7. What is h(a)?
-7
Let c(s) = s**3 - 10*s**2 - 11*s - 4. Let d be c(11). Let n(a) = a**2 + 5*a + 5. What is n(d)?
1
Let x(q) = 5*q - 1 - 1 + 2*q. Let y(t) be the third derivative of -t**4/8 + t**3/6 + 6*t**2. Let v(w) = 4*x(w) + 9*y(w). Determine v(5).
6
Let a(g) = g + 1. Let u(d) = 2*d - 3. Let j(t) = -a(t) + u(t). Suppose -6 = 2*p - 3*p. Let s = p - 10. Calculate j(s).
-8
Let w(i) = i**3 + i**2 - 1. Suppose -b - 4*b = -35. Let h(l) = -l**2 + 7*l. Let r be h(b). Determine w(r).
-1
Suppose -3 = 2*b - 1. Suppose j - 2 = -j. Let i = b - j. Let l(d) = 3*d**2 + 3*d. Give l(i).
6
Let f(x) = 3*x**2 + 2*x**2 + 2*x - 3*x**2. Let v be f(-2). Let m(q) = 2*q**2 + 8*q + 3. Let i(u) = 3*u**2 + 15*u + 5. Let h(d) = 3*i(d) - 5*m(d). What is h(v)?
4
Suppose 42 = -27*c + 33*c. Let t(h) = h - 2. What is t(c)?
5
Let g(z) = z**3 + 8*z**2 - 9*z + 3. Let x be g(-9). Suppose 12 + 3 = 3*p. Let a(r) = 9*r + 4. Let d(o) = 8*o + 3. Let w(b) = p*a(b) - 6*d(b). Calculate w(x).
-7
Let m be (-14)/(-8) - (-2)/8. Let a(t) = -t**2 + 6*t - 3. Let s be a(m). Suppose 0 = -s*f - 10 - 10. Let x(r) = r**2 + 5*r - 2. Determine x(f).
-6
Let p(d) = -d - 2. Let w be p(-4). Let q = -3 + w. Let h(a) = a + 1. Calculate h(q).
0
Let v(c) = c**3 - 5*c**2 + c - 4. Let d be (-24)/(-5) - 1/(-5). What is v(d)?
1
Suppose -2*u = -4*r - 14, 4*u + 5*r = 2*u - 31. Let i(x) = -5*x + 3. Let d(l) = -4*l + 3. Let s(y) = 6*d(y) - 5*i(y). Determine s(u).
0
Let n(y) = y**2 - 6*y - 1. Let z(a) = 2*a**2 - 8*a - 2. Let f(p) = 3*n(p) - 2*z(p). Calculate f(-4).
-7
Let c(v) = v + 1. Let s(t) = -7*t. Let b(w) = -c(w) + s(w). Let i(a) = -4*a + 0 + a + 23 - 1. Let q be i(7). Give b(q).
-9
Let b = -33 + 34. Let f(x) = -11*x**2 + 2*x - 1. Give f(b).
-10
Let s(h) = -h + 3*h + 7*h**2 + 0*h - 3*h. Suppose -3*q = -m, -4*q + 4*m + 2 - 10 = 0. Calculate s(q).
6
Let s(c) = -c - 4 + 0 + 1 + 2*c. Calculate s(3).
0
Let o(m) = -5*m**2 + 0*m**2 + 2*m + m**3 + 3*m + 0 - 4. Let g be o(4). Let t(w) = 3 + 2*w - 7 - w. Determine t(g).
-4
Let d(u) be the second derivative of 0*u**2 + 1/720*u**6 - 1/4*u**4 + u + 0*u**3 + 0 + 1/60*u**5. Let y(b) be the third derivative of d(b). Give y(-5).
-3
Let h(p) = p**3 + 3*p**2 + p - 4. Suppose 6 = 6*w - 8*w. What is h(w)?
-7
Let o = -5 - -5. Suppose s = -o*s. Let w(d) = -d + d - 1 - d + d**2 + d**3. Determine w(s).
-1
Let s(q) = 13*q + 35. Let h(x) = -3*x - 9. Let u(d) = -9*h(d) - 2*s(d). Suppose 2*n = -2*y - 0 - 6, 4*n + 7 = -3*y. Determine u(y).
6
Let w(v) = -v**2 - 7*v - 7. Let k(o) = -7*o + 4. Let b be k(-3). Suppose -5*g - 5*p = b, -g - 2*p + 10 = -3*g. What is w(g)?
3
Suppose 2*l = 0, 4*c + 4*l = 15 + 5. Suppose 2*a + c*q = 2, 4*a + q + 3 = -11. Let d(w) = -w**2 - 5*w + 2. Give d(a).
6
Let o(s) = -s**2 - 2*s - 5. Suppose 0*l = 3*l + 12. Calculate o(l).
-13
Let x = -3 + 3. Let g(z) = z + 3. Give g(x).
3
Suppose -4*c + 4 = -0*c. Let g(r) = r**3 - r**2 + r - 1. What is g(c)?
0
Let o(a) = -3*a - 3 - 3*a**2 - a**3 - 2*a**2 - 2*a. Determine o(-4).
1
Let x(w) be the second derivative of -w**4/12 - w**2 + 5*w. Let n(f) = -f + 1. Let l be n(4). What is x(l)?
-11
Let v = -53 + 41. Let q(y) = y**3 + 6*y**2 + 8*y + 5. Let p be q(-5). Let o be (v/p)/(1/(-5)). Let z(n) = n**3 + 6*n**2 + n + 3. Determine z(o).
-3
Let m(q) = q**3 + 6*q**2 + q + 6. Let f(v) = -v. Let o be f(-3). Suppose 2*b - 4 = -5*z + 9, 4*b = -o*z - 9. What is m(b)?
0
Suppose -2*a = -3*u + 7, -4*u = -0 - 20. Let i(z) be the first derivative of -2*z - z**2 + 1 + z**3 - 1/4*z**a. Give i(2).
-2
Let l = -9 + 14. Let a = -4 + l. Let m(f) = f**3 - f + 1. Give m(a).
1
Suppose 2 + 13 = 5*n. Let f(o) = -3 - o + n. Suppose 1 = -5*j + 11. Calculate f(j).
-2
Let s(d) be the third derivative of 0*d + 5/24*d**4 + 1/6*d**3 + 0 - d**2. Give s(1).
6
Let z(m) be the third derivative of m**4/8 + m**3 + 2*m**2. Let d(v) = -v**3 - 2*v**2 - 3. Let j be d(-3). Suppose 4*o = -5*t - 8, -t + 2 = 4*o - j. Give z(t).
-6
Let v be 1 - (-1 - (-7 - 1)). Let k(i) = 4*i**2 - 8*i + 2. Let a(z) = -11*z**2 + 23*z - 6. Let y(g) = v*a(g) - 17*k(g). Let u be 1 + -5 + 1 + 1. Give y(u).
-2
Let x(t) be the third derivative of t**7/1260 + t**6/720 - t**5/60 + 2*t**2. Let y(a) be the third derivative of x(a). Determine y(-2).
-7
Suppose -2*f + 0 + 3 = 3*b, -4*f = 4*b. Let c be ((-2)/b)/((-7)/21). Let q(d) = 2*d**3 - d**2 - 3*d + 2. What is q(c)?
8
Let y be (-3 + 0)*8/(-6). Let r(p) = -3*p**2 + p**3 + 1 - 3 + 1 - 3*p. Calculate r(y).
3
Suppose 2*d - 9 = 5*d. Let h(p) be the third derivative of -p**4/24 + p**2. Give h(d).
3
Let p(c) = -c**3 + 2*c**2 + c + 3. Let f(t) = -2*t**3 + t**2 + t + 4. Let z(r) = -2*f(r) + 3*p(r). Determine z(-3).
7
Let z(d) = 6*d**3 - 12*d**3 + 7*d**3 - 9*d - 6*d**2 + 10. Determine z(7).
-4
Let y(x) = -2*x**2 - 23*x + 4 + 3*x**2 + 19*x. Give y(5).
9
Suppose -3*i + 29 = -4*k, -5*k + 4*i + 5 = 42. Suppose 0*y = -5*y + 15. Let t(u) = 0*u - u**3 + 5*u**2 - 2*u + 2*u**y - 6 + u. Give t(k).
-1
Let p be 6 + (-1 - 2) + 2. Let l(a) = -3 + 2*a + 3 - 7. Give l(p).
3
Suppose 2*f = 5 - 3. Let q(u) = -4*u + 3. Let p(c) = -36*c + 28. Let h(d) = 6*p(d) - 56*q(d). Calculate h(f).
8
Suppose -2*x + 6*x + 5*f + 12 = 0, -4*x - 28 = f. Let l(n) = n**2 + 8*n - 4. Give l(x).
-4
Let c(m) = m**3 - 5*m**2 - 4. Suppose -12*r = -8*r - 20. Calculate c(r).
-4
Let y = -53/30 - -34/15. Let z(q) be the second derivative of -2/3*q**3 - 3*q + 0 + y*q**2 - 1/12*q**4. Give z(-3).
4
Suppose 5*k - 3*a - 4 + 14 = 0, -4*k - 45 = 5*a. Let n(j) = j**2 + j. Let m(f) = -f**3 - 10*f**2 - 2*f - 4. Let i(x) = m(x) + 6*n(x). What is i(k)?
1
Let o(s) = -s**3 + 4*s**2 - 2*s + 2. Suppose 9*t - 32 = t. Calculate o(t).
-6
Let w(y) = 7*y - 4. Let v = -7 + 10. Calculate w(v).
17
Suppose -10*f = -24*f - 140. Let a(c) = c + 14. What is a(f)?
4
Let w(n) = 5 - 13*n**2 - 4 + 17*n**2. Calculate w(1).
5
Suppose 11 = -3*z - 4, 2*u + 3*z + 27 = 0. Let s = 1 - -2. Let t(w) = -6*w**2 - 3*w**2 + 2 + 2 - 5*w - w**s + 2*w**2. What is t(u)?
-2
Let o be 4/3 + (-2)/6 + 3. Let v(d) be the first derivative of -d**4/4 + 5*d**3/3 - 3*d**2/2 - 2*d - 1. What is v(o)?
2
Let q be (0 + (-1)/(-2))*0. Let o = -1 - q. Let l(u) = 2 + 2 - 4 + u**2. Calculate l(o).
1
Let t(i) be the second derivative of i**3/3 + i**2 - 25*i. What is t(-5)?
-8
Let h(d) = d**2 + 5*d - 2. Let s be h(-4). Let x(f) = f**3 - f**2 - 1. Let b(p) = -7*p**3 - 2*p + 9. Let n(q) = s*x(q) - b(q). Calculate n(-5).
12
Let z(f) = f + 4 + 3*f - 3. Let o = 15 + -14. What is z(o)?
5
Let p(u) = -9*u - 51. Let h be p(-5). Let y(b) = b**3 + 5*b**2 - 5*b - 1. What is y(h)?
-7
Let l(r) = 7*r**3 - 19*r**2 + 12*r + 2. Let w(j) = -4*j**3 + 10*j**2 - 6*j - 1. Let d(q) = 3*l(q) + 5*w(q). What is d(6)?
1
Let c(h) = h**2 + 1 - 29*h + 10*h + 12*h. Determine c(6).
-5
Suppose -1 = d - 3. Let f(q) be the third derivative of q**7/2520 + q**5/120 + q**4/4 + 5*q**2. Let l(u) be the second derivative of f(u). Determine l(d).
5
Let c(y) = 2*y - 2. Let b be c(2). Let f = 3 + -3. 